nd 32.
32
Calculate the highest common factor of 12 and 892.
4
Calculate the greatest common factor of 17900 and 40.
20
Calculate the highest common factor of 26 and 5603.
13
What is the greatest common divisor of 104 and 20488?
104
What is the greatest common divisor of 792 and 32?
8
Calculate the greatest common factor of 72 and 6084.
36
Calculate the greatest common factor of 132 and 99.
33
Calculate the greatest common factor of 369 and 1599.
123
What is the highest common divisor of 4 and 1348?
4
Calculate the greatest common factor of 915 and 40.
5
What is the greatest common divisor of 42 and 63?
21
Calculate the highest common factor of 60 and 510.
30
Calculate the greatest common divisor of 92 and 16.
4
Calculate the greatest common factor of 9 and 173.
1
What is the greatest common divisor of 2 and 352?
2
What is the highest common factor of 70 and 3346?
14
Calculate the highest common factor of 130 and 130.
130
Calculate the highest common divisor of 35 and 805.
35
What is the greatest common divisor of 4536 and 81?
81
Calculate the highest common divisor of 275 and 50.
25
Calculate the greatest common factor of 2318 and 61.
61
Calculate the greatest common divisor of 34 and 850.
34
What is the greatest common factor of 66192 and 672?
336
Calculate the greatest common divisor of 32922 and 1416.
354
Calculate the highest common divisor of 172 and 4.
4
Calculate the greatest common factor of 19 and 3268.
19
What is the highest common factor of 204 and 1122?
102
What is the highest common factor of 6345 and 940?
235
What is the greatest common divisor of 12 and 1074?
6
Calculate the highest common divisor of 8 and 240.
8
What is the highest common factor of 99 and 3663?
99
What is the greatest common factor of 179 and 7?
1
Calculate the highest common divisor of 114 and 384.
6
Calculate the highest common divisor of 54 and 8.
2
What is the greatest common factor of 73 and 59?
1
Calculate the highest common divisor of 65 and 3055.
65
What is the highest common factor of 4 and 1240?
4
What is the greatest common factor of 34 and 629?
17
What is the greatest common factor of 371 and 63?
7
Calculate the greatest common factor of 51 and 31926.
51
What is the highest common factor of 3124 and 44?
44
What is the highest common factor of 2915 and 715?
55
Calculate the highest common factor of 6 and 168.
6
Calculate the greatest common factor of 658 and 14.
14
Calculate the greatest common factor of 634 and 11729.
317
Calculate the greatest common factor of 2511 and 81.
81
What is the highest common divisor of 506 and 46?
46
Calculate the highest common divisor of 915 and 3.
3
What is the greatest common divisor of 4280 and 80?
40
Calculate the greatest common factor of 1730 and 70.
10
Calculate the greatest common divisor of 10136 and 112.
56
Calculate the greatest common factor of 78 and 93678.
78
What is the greatest common factor of 227 and 2?
1
Calculate the greatest common factor of 153 and 34.
17
Calculate the greatest common factor of 3 and 111.
3
Calculate the highest common factor of 68 and 119.
17
Calculate the highest common factor of 63 and 16.
1
What is the highest common divisor of 9 and 333?
9
What is the greatest common divisor of 143 and 377?
13
What is the highest common factor of 25 and 1?
1
Calculate the highest common divisor of 121 and 44.
11
What is the greatest common divisor of 31 and 2480?
31
What is the highest common divisor of 2170 and 1550?
310
What is the greatest common factor of 10 and 16090?
10
Calculate the greatest common divisor of 7854 and 170.
34
What is the highest common factor of 54 and 30?
6
What is the greatest common factor of 125 and 18750?
125
What is the greatest common factor of 7 and 448?
7
Calculate the greatest common divisor of 35 and 5670.
35
Calculate the greatest common divisor of 351 and 52.
13
Calculate the greatest common divisor of 343 and 7.
7
What is the highest common factor of 1 and 157?
1
What is the highest common divisor of 5 and 10?
5
Calculate the highest common divisor of 276 and 2714.
46
Calculate the greatest common factor of 136 and 8.
8
What is the highest common divisor of 717 and 27?
3
What is the greatest common factor of 134 and 143246?
134
What is the highest common divisor of 6256 and 48?
16
What is the highest common divisor of 3 and 387?
3
What is the highest common factor of 9 and 375?
3
What is the greatest common divisor of 232 and 3219?
29
What is the highest common factor of 67 and 603?
67
What is the greatest common factor of 430 and 60?
10
Calculate the highest common divisor of 160 and 65.
5
Calculate the greatest common divisor of 53 and 3763.
53
What is the highest common divisor of 1631 and 112?
7
What is the greatest common divisor of 432 and 96?
48
Calculate the greatest common factor of 272 and 17.
17
Calculate the greatest common factor of 376 and 2538.
94
Calculate the greatest common factor of 13 and 3159.
13
What is the greatest common divisor of 24 and 960?
24
Calculate the highest common factor of 98 and 84.
14
What is the highest common divisor of 272 and 697?
17
Calculate the greatest common divisor of 63 and 9.
9
What is the greatest common divisor of 517 and 329?
47
Calculate the highest common divisor of 50 and 660.
10
What is the greatest common factor of 308 and 88?
44
What is the greatest common factor of 171 and 95?
19
Calculate the greatest common divisor of 658 and 188.
94
Calculate the greatest common divisor of 402 and 2479.
67
What is the greatest common factor of 316 and 1106?
158
Calculate the highest common divisor of 285 and 75.
15
What is the highest common divisor of 234 and 405?
9
Calculate the greatest common divisor of 600 and 45.
15
Calculate the greatest common factor of 1700 and 68.
68
Calculate the greatest common factor of 99 and 968.
11
What is the highest common factor of 21 and 252?
21
Calculate the greatest common divisor of 32 and 88.
8
Calculate the greatest common factor of 18 and 25281.
9
What is the greatest common factor of 4828 and 142?
142
Calculate the greatest common divisor of 15 and 425.
5
Calculate the greatest common divisor of 8 and 316.
4
Calculate the greatest common divisor of 129 and 7998.
129
Calculate the greatest common factor of 54 and 192.
6
What is the greatest common factor of 4455 and 55?
55
What is the highest common divisor of 6723 and 297?
27
What is the highest common divisor of 162 and 7803?
27
What is the highest common divisor of 1044 and 288?
36
Calculate the highest common factor of 220 and 100.
20
Calculate the greatest common factor of 1230 and 738.
246
Calculate the highest common divisor of 30 and 32160.
30
Calculate the greatest common factor of 85 and 1615.
85
What is the greatest common divisor of 2560 and 10?
10
What is the greatest common factor of 132 and 1782?
66
Calculate the highest common divisor of 40506 and 516.
258
What is the greatest common divisor of 18180 and 10?
10
What is the greatest common divisor of 50 and 250?
50
What is the greatest common factor of 19 and 76?
19
What is the greatest common factor of 5 and 31?
1
Calculate the greatest common factor of 75 and 4800.
75
What is the greatest common divisor of 34 and 1037?
17
Calculate the highest common factor of 361 and 19.
19
Calculate the greatest common divisor of 211 and 3.
1
Calculate the highest common divisor of 5150 and 50.
50
What is the highest common divisor of 26 and 598?
26
Calculate the highest common divisor of 318 and 38478.
318
What is the highest common factor of 1377 and 17?
17
What is the greatest common factor of 4206 and 30?
6
What is the highest common factor of 187 and 2516?
17
What is the highest common divisor of 419 and 4?
1
What is the greatest common factor of 1150 and 690?
230
What is the greatest common divisor of 250 and 80?
10
Calculate the greatest common divisor of 3186 and 108.
54
What is the greatest common factor of 891 and 81?
81
What is the highest common factor of 76 and 855?
19
What is the highest common factor of 156 and 8?
4
Calculate the greatest common divisor of 147 and 42.
21
Calculate the highest common divisor of 6020 and 86.
86
What is the greatest common divisor of 1632 and 102?
102
Calculate the greatest common factor of 2 and 14.
2
What is the 